Calculate the remainder when j is divided by 11.
9
Suppose -2*g = -2*a, 4*a - 2*a - 25 = -3*g. Suppose 4*y - a = 3. What is the remainder when 2 is divided by y?
0
Let n(o) = 2*o - 9. Let m be n(7). Suppose 19 + 76 = m*r. Let w = 15 + -5. What is the remainder when r is divided by w?
9
Calculate the remainder when 103 is divided by 1*-1*(-2 - 11).
12
Let j(v) = -v**2 + v + 12. Suppose -2 = g - 5. Suppose 68 = g*i - i. Calculate the remainder when i is divided by j(0).
10
Let j = 3 - -2. Suppose -j*z = -0*z. Suppose z = -w + 2*w - 4. What is the remainder when 10 is divided by w?
2
Let s = 211 - 151. Let t be ((-4)/6)/((-1)/s). Suppose -5*j + t = -60. Calculate the remainder when 58 is divided by j.
18
Let y = 72 - 63. Calculate the remainder when y is divided by 7.
2
Let d(z) = z**2 - 6*z + 10. Let c be d(8). Suppose -c = -2*w - w + k, -5*w + k = -40. Let f = -4 + w. Calculate the remainder when 4 is divided by f.
1
Let y = -13 + 131. What is the remainder when y is divided by 31?
25
Suppose 0 = -2*i - 2*i - 2*z + 162, 4 = -4*z. Calculate the remainder when i is divided by -7*2/((-6)/9).
20
Let l(f) = f**2 + 2*f + 88. What is the remainder when l(0) is divided by 30?
28
Let u(s) = -s**2 + 7*s - 7. Let z be 1/(-3) + (-32)/(-6). Let j = -2 - -9. What is the remainder when j is divided by u(z)?
1
Let r = 56 - 33. Calculate the remainder when 43 is divided by r.
20
Let z = 3 - 1. Suppose -z*k + 12 = -12. Let o = 109 - 75. What is the remainder when o is divided by k?
10
Let y = 30 - 13. Suppose n - y = 35. What is the remainder when n is divided by 18?
16
Let k(o) = -6*o - 5. Suppose -2*g - 4*s - 44 = 0, -5*s - 42 = 3*g + 20. What is the remainder when k(-4) is divided by (-255)/(-35) - (-4)/g?
5
Let m(t) = 7*t - 5. Let h be m(4). Suppose 4*f = 3*f + 5*l - 17, 5*f + 2*l = h. What is the remainder when 11 is divided by f?
2
What is the remainder when 3*2*68/12 is divided by 12?
10
Let d(t) = 26*t**2 + 9*t + 3. Let f(l) = 77*l**2 + 26*l + 9. Let q(o) = -17*d(o) + 6*f(o). What is the remainder when q(-2) is divided by 26?
25
Let h(o) be the third derivative of o**5/30 + o**4/24 + o**3/6 - o**2. Let p(b) = b**3 + 6*b**2 - 7*b + 6. What is the remainder when h(-3) is divided by p(-7)?
4
Let r = -6 + 8. Let j(n) = 8*n. What is the remainder when 30 is divided by j(r)?
14
Let s(i) = 9*i**2. Suppose -9*j + 4*j = 25, -30 = -3*k - 3*j. What is the remainder when k is divided by s(1)?
6
Suppose 3*m = -3*y + 39, -4*m = -5*y + 66 - 1. What is the remainder when 35 is divided by y?
9
Let o(b) = b**3 - 7*b**2 + 7*b - 3. Calculate the remainder when 8 is divided by o(6).
2
Let x(b) = b**3 - 2*b**2 - 5*b + 1. Calculate the remainder when 37 is divided by x(4).
11
Calculate the remainder when ((-2)/4)/((-11)/1254) is divided by 20.
17
Suppose -3*c + 113 - 8 = 0. Suppose 2*d - d + 4*o = 5, -5*o + 5 = d. Suppose d*a - 44 = 46. What is the remainder when c is divided by a?
17
Suppose -4*f + 5 = f. Let k = -9 - f. Let b = -5 - k. What is the remainder when 7 is divided by b?
2
Let b = 12 - 4. Suppose l - 2*l = -b. What is the remainder when l is divided by 3?
2
Let p(y) = 9*y - 3*y - 3 - 3*y + 3*y. Suppose -13 = -5*w + 117. Calculate the remainder when w is divided by p(2).
8
Suppose 0 = 3*g + 2*g, -20 = 4*c + g. Let w = c + 7. Suppose -4*p + 108 = -w*p. What is the remainder when p is divided by 14?
12
Suppose l = -5*w + 218, 4*w - 2*w - 5*l - 98 = 0. Suppose -2 = 2*y + 2*t, -2*y = -0*t + t + 2. Calculate the remainder when w is divided by (-3)/2*10*y.
14
Let f = -23 - 9. Let q = f - -75. Let m = 17 + -6. Calculate the remainder when q is divided by m.
10
Let o(z) = -2*z + 3. Let b = 8 - 5. Suppose 3*a - 57 = b*f, -63 = -2*a - 5*f + 10. Calculate the remainder when a is divided by o(-5).
11
Suppose -3*d - 3*o = -4*d - 4, 10 = -5*d + 5*o. Let g(w) = 5*w**2 - w. Calculate the remainder when 10 is divided by g(d).
4
Let n = 43 - 34. What is the remainder when 33 is divided by n?
6
Let s = 1 + -2. Suppose 43 = 5*f - 7. What is the remainder when 1*s/((-2)/f) is divided by 2?
1
Let g(f) = -f**3 + f**2 - 9. Let d be g(0). Let j = 13 + d. Suppose j*q = -8, 2*a = -3*q + 2*q + 20. Calculate the remainder when 31 is divided by a.
9
Let d(w) = -w**3 + 7*w**2 + 3*w - 2. What is the remainder when d(5) is divided by 16?
15
Suppose 3*u - 4*z + 5*z = 101, -3*z + 111 = 3*u. Suppose 3*h + x + 25 = 73, x = -2*h + u. Calculate the remainder when 45 is divided by h.
13
Let k = -15 - -32. Calculate the remainder when 30 is divided by k.
13
Suppose 5*j - 21 = -5*m + 94, -2*m + 2 = 0. Calculate the remainder when 108 is divided by j.
20
Let j(p) = -p + 14. Let g = -33 + 52. Calculate the remainder when g is divided by j(7).
5
Let n(t) = t**2 - 5*t - 2. What is the remainder when n(-5) is divided by 17?
14
Let x = 8 + -7. Suppose -a - x = -l + 9, 0 = 3*a - 3. Calculate the remainder when l is divided by 6.
5
Let a = 6 + 4. Let x = a - 8. Suppose -2*v - x + 10 = 0. What is the remainder when 5 is divided by v?
1
Suppose -v + r + 27 = 0, 5*r + 22 = -3*v + 127. What is the remainder when 118 is divided by v?
28
Let r(u) = 10*u**3. Let c(n) be the third derivative of n**4/24 - n**3/6 + 4*n**2. What is the remainder when r(1) is divided by c(5)?
2
Suppose 2*o = 6, 4*o - 9 - 73 = -5*x. What is the remainder when 55 is divided by x?
13
Let r(s) = 2*s**3 - 4*s**2 + 3*s. Let o be (-35)/(-14)*4/5. Calculate the remainder when 11 is divided by r(o).
5
Suppose -3*i = -7*i + 60. What is the remainder when 58 is divided by i?
13
Suppose 0 = -4*x - 4*c + 108, x - c = -4 + 29. Suppose 0 = -3*u - 3*k + 117, -u - 3*k + x = -15. Calculate the remainder when u is divided by 10.
8
Let r(h) = h**3 + 8*h**2 + 4*h - 3. Calculate the remainder when 53 is divided by r(-7).
17
What is the remainder when 23 is divided by ((-12)/(-16))/(-3*1/(-72))?
5
Suppose -4*o + 0*o + 5*n = -23, 2*n + 4 = -o. Suppose q + 3 = 0, -o*x + 2*q + 10 = -0*q. Calculate the remainder when x is divided by 1.
0
Suppose 5*f = f + 108. Suppose 7*a + 30 = 9*a. What is the remainder when f is divided by a?
12
Suppose -24 = -0*b - 4*b. Calculate the remainder when ((-171)/(-6))/3*b is divided by 15.
12
Suppose -14*c + 115 = -235. What is the remainder when c is divided by 13?
12
Let g(l) = 2*l**2 + 3*l. Let r be g(-2). Suppose -y + 2*c = c - 14, -4*c = -r*y + 36. What is the remainder when 38 is divided by y?
8
Let q = 4 + 5. Suppose q + 11 = 2*l. Calculate the remainder when 27 is divided by l.
7
Let a = 11 - 6. Let z = 20 + -6. What is the remainder when z is divided by a?
4
Suppose 5*r = 22 - 2. Suppose -4*c + 2*c = -20. What is the remainder when c is divided by r?
2
Let u = 203 + -138. Let p = u + -10. Calculate the remainder when p is divided by 19.
17
Suppose -4*b + 4*k = -b - 99, 3*k = -5*b + 165. Calculate the remainder when b is divided by 18.
15
What is the remainder when ((-46)/(-161))/(1/119) is divided by 3?
1
Suppose n = -2*n + 9. Suppose h = n + 6. What is the remainder when -51*(26/(-6) + 4) is divided by h?
8
Suppose q + 3*i - 4 = -2, 2*i - 3 = -q. Suppose 0 = w - q*w + 32. Let v(s) = -s**3 + 8*s**2 + s + 7. What is the remainder when 28 is divided by v(w)?
13
Suppose -3*b + 64 = b. Suppose 3*s - o = 30, 5*s = -5*o + 2*o + 36. Calculate the remainder when b is divided by s.
7
What is the remainder when 39 is divided by (0 - (-84)/8) + (-3)/6?
9
Let q = -35 - -66. What is the remainder when q is divided by 8?
7
Let b = 7 - 4. Let g be (8 - 2)*(-2)/(-3). Suppose 95 = g*s + s - 2*c, 0 = -b*s + 3*c + 66. What is the remainder when 65 is divided by s?
14
Let d be (-2 - 6)/(-2) - 2/(-1). Let v be (3/(-2))/((-1)/(-2)). Calculate the remainder when 4 is divided by v/(d*(-1)/4).
0
Suppose 0 = p + 5*q - 23, 3*p = -0*q + q + 21. Calculate the remainder when 29 is divided by p.
5
Let p be (-150)/(-5) + -4*1. Let o(j) = j**2 - 5*j - 5. Let t be o(4). Let b = p + t. What is the remainder when b is divided by 6?
5
Suppose -r = -2*d + 4*r + 87, 0 = -5*d + 2*r + 207. Calculate the remainder when d is divided by 21.
20
Suppose 2*v + 3*z = 13 - 36, 4*v + 13 = 5*z. Let x = v + 32. What is the remainder when x is divided by 9?
7
Let l = -50 + 77. Let z be 114/l + (-6)/27. Suppose -5*g - 28 = -m, -3*m = -2*m - z*g - 23. What is the remainder when 